{"id":326,"date":"2026-04-15T14:29:51","date_gmt":"2026-04-15T14:29:51","guid":{"rendered":"https:\/\/haadiproject.site\/project18\/?page_id=326"},"modified":"2026-04-15T14:46:10","modified_gmt":"2026-04-15T14:46:10","slug":"wo-kann-man-medizin-studieren-in-bulgarien","status":"publish","type":"page","link":"https:\/\/haadiproject.site\/project18\/wo-kann-man-medizin-studieren-in-bulgarien\/","title":{"rendered":"Wo kann man Medizin studieren in Bulgarien?"},"content":{"rendered":"\t\t<div data-elementor-type=\"wp-page\" data-elementor-id=\"326\" class=\"elementor elementor-326\" data-elementor-post-type=\"page\">\n\t\t\t\t<div class=\"elementor-element elementor-element-83dbd08 e-flex e-con-boxed e-con e-parent\" data-id=\"83dbd08\" data-element_type=\"container\" data-e-type=\"container\">\n\t\t\t\t\t<div class=\"e-con-inner\">\n\t\t\t\t<div class=\"elementor-element elementor-element-933d784 elementor-widget elementor-widget-spacer\" data-id=\"933d784\" data-element_type=\"widget\" data-e-type=\"widget\" data-widget_type=\"spacer.default\">\n\t\t\t\t\t\t\t<div class=\"elementor-spacer\">\n\t\t\t<div class=\"elementor-spacer-inner\"><\/div>\n\t\t<\/div>\n\t\t\t\t\t\t<\/div>\n\t\t\t\t\t<\/div>\n\t\t\t\t<\/div>\n\t\t<div class=\"elementor-element elementor-element-4e54cd7 e-flex e-con-boxed e-con e-parent\" data-id=\"4e54cd7\" data-element_type=\"container\" data-e-type=\"container\">\n\t\t\t\t\t<div class=\"e-con-inner\">\n\t\t\t\t<div class=\"elementor-element elementor-element-70973f7 elementor-widget elementor-widget-heading\" data-id=\"70973f7\" data-element_type=\"widget\" data-e-type=\"widget\" data-widget_type=\"heading.default\">\n\t\t\t\t\t<h2 class=\"elementor-heading-title elementor-size-default\">Wo kann man in Bulgarien Medizin auf Englisch studieren?<\/h2>\t\t\t\t<\/div>\n\t\t\t\t<div class=\"elementor-element elementor-element-f6c7a91 elementor-widget elementor-widget-text-editor\" data-id=\"f6c7a91\" data-element_type=\"widget\" data-e-type=\"widget\" data-widget_type=\"text-editor.default\">\n\t\t\t\t\t\t\t\t\t<p><em>Karte: Staatliche und private medizinische Universit\u00e4ten in Bulgarien mit medizinischen Studienangeboten in ausschlie\u00dflich englischer Sprache<\/em><\/p>\t\t\t\t\t\t\t\t<\/div>\n\t\t\t\t<div class=\"elementor-element elementor-element-763da63 elementor-widget elementor-widget-google_maps\" data-id=\"763da63\" data-element_type=\"widget\" data-e-type=\"widget\" data-widget_type=\"google_maps.default\">\n\t\t\t\t\t\t\t<div class=\"elementor-custom-embed\">\n\t\t\t<iframe loading=\"lazy\"\n\t\t\t\t\tsrc=\"https:\/\/maps.google.com\/maps?q=pleven%20&#038;t=m&#038;z=6&#038;output=embed&#038;iwloc=near\"\n\t\t\t\t\ttitle=\"pleven \"\n\t\t\t\t\taria-label=\"pleven \"\n\t\t\t><\/iframe>\n\t\t<\/div>\n\t\t\t\t\t\t<\/div>\n\t\t\t\t\t<\/div>\n\t\t\t\t<\/div>\n\t\t<div class=\"elementor-element elementor-element-4299fc3 e-flex e-con-boxed e-con e-parent\" data-id=\"4299fc3\" data-element_type=\"container\" data-e-type=\"container\">\n\t\t\t\t\t<div class=\"e-con-inner\">\n\t\t\t\t<div class=\"elementor-element elementor-element-89a7617 elementor-widget elementor-widget-spacer\" data-id=\"89a7617\" data-element_type=\"widget\" data-e-type=\"widget\" data-widget_type=\"spacer.default\">\n\t\t\t\t\t\t\t<div class=\"elementor-spacer\">\n\t\t\t<div class=\"elementor-spacer-inner\"><\/div>\n\t\t<\/div>\n\t\t\t\t\t\t<\/div>\n\t\t\t\t\t<\/div>\n\t\t\t\t<\/div>\n\t\t<div class=\"elementor-element elementor-element-36ad4be e-flex e-con-boxed e-con e-parent\" data-id=\"36ad4be\" data-element_type=\"container\" data-e-type=\"container\">\n\t\t\t\t\t<div class=\"e-con-inner\">\n\t\t<div class=\"elementor-element elementor-element-4d7cfc2 e-con-full e-flex e-con e-child\" data-id=\"4d7cfc2\" data-element_type=\"container\" data-e-type=\"container\">\n\t\t\t\t<div class=\"elementor-element elementor-element-21ef4c1 elementor-widget elementor-widget-heading\" data-id=\"21ef4c1\" data-element_type=\"widget\" data-e-type=\"widget\" data-widget_type=\"heading.default\">\n\t\t\t\t\t<h2 class=\"elementor-heading-title elementor-size-default\">Wo Medizin studieren in Bulgarien?<\/h2>\t\t\t\t<\/div>\n\t\t\t\t<div class=\"elementor-element elementor-element-9bb27be elementor-widget elementor-widget-text-editor\" data-id=\"9bb27be\" data-element_type=\"widget\" data-e-type=\"widget\" data-widget_type=\"text-editor.default\">\n\t\t\t\t\t\t\t\t\t<p>Derzeit gibt es in Bulgarien an vier verschiedenen Hochschulen die M\u00f6glichkeit, ein Medizinstudium in englischer Sprache aufzunehmen. Hierbei handelt es sich um die Medizinischen Universit\u00e4ten in Varna, Plovdiv, Sofia und Pleven. Mehr und mehr ausl\u00e4ndische Studenten aus Nord- und Westeuropa entscheiden sich dazu, in Bulgarien Medizin zu studieren \u2013 aus unterschiedlichsten Gr\u00fcnden. Oft ist der einfache Zugang ohne NC-Problematik (wohl aber mit Aufnahmetests, und auch in Bulgarien spielen die Schulnoten eine Rolle) und die g\u00fcnstigen Lebenshaltungskosten ausschlaggebend. Die Tatsache, dass Bulgarien ein Mitglied der Europ\u00e4ischen Union ist, spielt auch eine Rolle. Diese Tatsache macht einerseits die Anerkennung von Abschl\u00fcssen und Leistungen (im Falle eines Studienortwechsels) einfacher, andererseits ergeben sich daraus Vorteile bei der Finanzierung des Studiums in Bulgarien durch das deutsche BAf\u00f6G.<\/p>\t\t\t\t\t\t\t\t<\/div>\n\t\t\t\t<div class=\"elementor-element elementor-element-ba395e8 elementor-widget elementor-widget-text-editor\" data-id=\"ba395e8\" data-element_type=\"widget\" data-e-type=\"widget\" data-widget_type=\"text-editor.default\">\n\t\t\t\t\t\t\t\t\tZahnmedizin kann \u00fcbrigens an allen aufgef\u00fchrten Universit\u00e4ten studiert werden, au\u00dfer an der MU Pleven. Genauere Information zu den einzelnen Universit\u00e4ten sowie deren Lehrpl\u00e4nen finden sich auf den jeweiligen Profilseiten. \t\t\t\t\t\t\t\t<\/div>\n\t\t\t\t<div class=\"elementor-element elementor-element-9bbf181 elementor-widget elementor-widget-heading\" data-id=\"9bbf181\" data-element_type=\"widget\" data-e-type=\"widget\" data-widget_type=\"heading.default\">\n\t\t\t\t\t<h2 class=\"elementor-heading-title elementor-size-default\">Im Folgenden ein kurzer \u00dcberblick der Medizinischen Unis:<\/h2>\t\t\t\t<\/div>\n\t\t<div class=\"elementor-element elementor-element-bdc27dc e-con-full e-flex e-con e-child\" data-id=\"bdc27dc\" data-element_type=\"container\" data-e-type=\"container\" data-settings=\"{&quot;background_background&quot;:&quot;classic&quot;}\">\n\t\t\t\t<div class=\"elementor-element elementor-element-cca0037 elementor-widget elementor-widget-heading\" data-id=\"cca0037\" data-element_type=\"widget\" data-e-type=\"widget\" data-widget_type=\"heading.default\">\n\t\t\t\t\t<h2 class=\"elementor-heading-title elementor-size-default\">Medizin studieren in Varna<\/h2>\t\t\t\t<\/div>\n\t\t\t\t<div class=\"elementor-element elementor-element-7fd1ef6 elementor-widget elementor-widget-text-editor\" data-id=\"7fd1ef6\" data-element_type=\"widget\" data-e-type=\"widget\" data-widget_type=\"text-editor.default\">\n\t\t\t\t\t\t\t\t\tVarna ist mit etwa 346.000 Einwohnern die gr\u00f6\u00dfte Stadt der bulgarischen Schwarzmeerk\u00fcste und wird daher auch gerne als Meereshauptstadt Bulgariens bezeichnet. In den letzten Jahren hat sich Varna innerhalb Bulgariens zu einem der gr\u00f6\u00dften und modernsten Standorte f\u00fcr ein Medizinstudium entwickelt. Die Medizinische Universit\u00e4t wurde am 1. Oktober 1961 gegr\u00fcndet und gliedert sich in die vier Fakult\u00e4ten Medizin, Zahnmedizin, Pharmazie und Public Health. \t\t\t\t\t\t\t\t<\/div>\n\t\t\t\t<\/div>\n\t\t<div class=\"elementor-element elementor-element-c8701db e-con-full e-flex e-con e-child\" data-id=\"c8701db\" data-element_type=\"container\" data-e-type=\"container\" data-settings=\"{&quot;background_background&quot;:&quot;classic&quot;}\">\n\t\t\t\t<div class=\"elementor-element elementor-element-7277de5 elementor-widget elementor-widget-heading\" data-id=\"7277de5\" data-element_type=\"widget\" data-e-type=\"widget\" data-widget_type=\"heading.default\">\n\t\t\t\t\t<h2 class=\"elementor-heading-title elementor-size-default\">Medizin studieren in Plovdiv<\/h2>\t\t\t\t<\/div>\n\t\t\t\t<div class=\"elementor-element elementor-element-d0bba58 elementor-widget elementor-widget-text-editor\" data-id=\"d0bba58\" data-element_type=\"widget\" data-e-type=\"widget\" data-widget_type=\"text-editor.default\">\n\t\t\t\t\t\t\t\t\tPlovdiv ist Zentrum der Oblast Plovdiv und liegt in der oberen thrakischen Tiefebene S\u00fcd-Bulgariens. Mit ungef\u00e4hr 370.000 Einwohnern ist Plovdiv nach Sofia die zweitgr\u00f6\u00dfte Stadt Bulgariens. Die Medizinische Universit\u00e4t Plovdiv tr\u00e4gt ihren heutigen Namen erst seit 2002, kann aber auf eine \u00fcber 70-j\u00e4hrige Tradition zur\u00fcckblicken. Sie ist zudem modern ausgestattet und verf\u00fcgt \u00fcber eines der modernsten Auditorien Europas sowie \u00fcber das gr\u00f6\u00dfte Krankenhaus der Balkanhalbinsel. \t\t\t\t\t\t\t\t<\/div>\n\t\t\t\t<\/div>\n\t\t<div class=\"elementor-element elementor-element-c721333 e-con-full e-flex e-con e-child\" data-id=\"c721333\" data-element_type=\"container\" data-e-type=\"container\" data-settings=\"{&quot;background_background&quot;:&quot;classic&quot;}\">\n\t\t\t\t<div class=\"elementor-element elementor-element-f0324d0 elementor-widget elementor-widget-heading\" data-id=\"f0324d0\" data-element_type=\"widget\" data-e-type=\"widget\" data-widget_type=\"heading.default\">\n\t\t\t\t\t<h2 class=\"elementor-heading-title elementor-size-default\">Medizin studieren in Pleven<\/h2>\t\t\t\t<\/div>\n\t\t\t\t<div class=\"elementor-element elementor-element-a3e0850 elementor-widget elementor-widget-text-editor\" data-id=\"a3e0850\" data-element_type=\"widget\" data-e-type=\"widget\" data-widget_type=\"text-editor.default\">\n\t\t\t\t\t\t\t\t\tPleven ist mit knapp 115.000 Einwohnern die siebtgr\u00f6\u00dfte Stadt Bulgariens und ein wichtiger Industriestandort im Norden des Landes. Die Medizinische Universit\u00e4t Pleven wurde im Jahr 1974 gegr\u00fcndet und ist damit eine der j\u00fcngeren medizinischen Universit\u00e4ten Bulgariens. Abgesehen von der Qualitkation zu \u00c4rzten werden Medical College und dem Department of Language and Specialised Training Studenten in den Sprachen Deutsch, Latein, Englisch und Franz\u00f6sisch unterrichtet sowie als Sozialarbeiter, Physiotherapeuten, Radiografen und medizinisch-technische Assistenten ausgebildet. In Pleven wurden die Unterrichtsr\u00e4ume zuletzt durch umfangreiche Neubauten erweitert \u2013 es handelt sich um eine klassische Campus-Universit\u00e4t, man kann sich hier schnell orientieren. \t\t\t\t\t\t\t\t<\/div>\n\t\t\t\t<\/div>\n\t\t<div class=\"elementor-element elementor-element-71e583c e-con-full e-flex e-con e-child\" data-id=\"71e583c\" data-element_type=\"container\" data-e-type=\"container\" data-settings=\"{&quot;background_background&quot;:&quot;classic&quot;}\">\n\t\t\t\t<div class=\"elementor-element elementor-element-b346606 elementor-widget elementor-widget-heading\" data-id=\"b346606\" data-element_type=\"widget\" data-e-type=\"widget\" data-widget_type=\"heading.default\">\n\t\t\t\t\t<h2 class=\"elementor-heading-title elementor-size-default\">Medizin studieren in Sofia<\/h2>\t\t\t\t<\/div>\n\t\t\t\t<div class=\"elementor-element elementor-element-7b55de5 elementor-widget elementor-widget-text-editor\" data-id=\"7b55de5\" data-element_type=\"widget\" data-e-type=\"widget\" data-widget_type=\"text-editor.default\">\n\t\t\t\t\t\t\t\t\tSofia ist mit knapp 1,3 Millionen Einwohnern die gr\u00f6\u00dfte Stadt Bulgariens und zugleich die Hauptstadt des Balkanstaates. Die Medizinische Universit\u00e4t Sofia wurde bereits im Jahr 1917 von Ferdinand I. gegr\u00fcndet und kann somit auf eine langj\u00e4hrige Tradition zur\u00fcckblicken. Durch die internationale Ausrichtung und die lange Tradition z\u00e4hlt die Medizinische Universit\u00e4t Sofia nicht nur in Bulgarien, sondern auch europaweit, zu den gr\u00f6\u00dften und bekanntesten medizinischen Institutionen. Das Universit\u00e4tsklinikum in Sofia geh\u00f6rt zu den gr\u00f6\u00dften medizinischen Einrichtungen und Forschungszentren Bulgariens. \t\t\t\t\t\t\t\t<\/div>\n\t\t\t\t<\/div>\n\t\t\t\t<div class=\"elementor-element elementor-element-5d426e8 elementor-widget elementor-widget-image\" data-id=\"5d426e8\" data-element_type=\"widget\" data-e-type=\"widget\" data-widget_type=\"image.default\">\n\t\t\t\t\t\t\t\t\t\t\t\t\t\t\t<img fetchpriority=\"high\" decoding=\"async\" width=\"700\" height=\"266\" src=\"https:\/\/haadiproject.site\/project18\/wp-content\/uploads\/2026\/04\/Medizinstudenten-1.webp\" class=\"attachment-full size-full wp-image-332\" alt=\"\" srcset=\"https:\/\/haadiproject.site\/project18\/wp-content\/uploads\/2026\/04\/Medizinstudenten-1.webp 700w, https:\/\/haadiproject.site\/project18\/wp-content\/uploads\/2026\/04\/Medizinstudenten-1-300x114.webp 300w\" sizes=\"(max-width: 700px) 100vw, 700px\" \/>\t\t\t\t\t\t\t\t\t\t\t\t\t\t\t<\/div>\n\t\t\t\t<\/div>\n\t\t<div class=\"elementor-element elementor-element-2ed601f e-con-full e-flex e-con e-child\" data-id=\"2ed601f\" data-element_type=\"container\" data-e-type=\"container\">\n\t\t<div class=\"elementor-element elementor-element-f0ea74f e-con-full e-flex e-con e-child\" data-id=\"f0ea74f\" data-element_type=\"container\" data-e-type=\"container\">\n\t\t\t\t<div class=\"elementor-element elementor-element-35d71fe elementor-widget elementor-widget-heading\" data-id=\"35d71fe\" data-element_type=\"widget\" data-e-type=\"widget\" data-widget_type=\"heading.default\">\n\t\t\t\t\t<h2 class=\"elementor-heading-title elementor-size-default\">Bewerbungsfrist f\u00fcr das Wintersemester 2026\/27<\/h2>\t\t\t\t<\/div>\n\t\t\t\t<div class=\"elementor-element elementor-element-53b5f0e elementor-widget elementor-widget-text-editor\" data-id=\"53b5f0e\" data-element_type=\"widget\" data-e-type=\"widget\" data-widget_type=\"text-editor.default\">\n\t\t\t\t\t\t\t\t\t30. Juli 2026 (= Bewerbungsende f\u00fcr letzten Aufnahmetest)  \t\t\t\t\t\t\t\t<\/div>\n\t\t\t\t<div class=\"elementor-element elementor-element-71e0afa elementor-widget elementor-widget-text-editor\" data-id=\"71e0afa\" data-element_type=\"widget\" data-e-type=\"widget\" data-widget_type=\"text-editor.default\">\n\t\t\t\t\t\t\t\t\tDie notwendige Aufnahmepr\u00fcfung kann online werden. Letztm\u00f6glicher Termin der Pr\u00fcfung (Englischtest sowie in englischer Sprache Tests in Biologie und Chemie) ist der 04. September 2026. Es ist aber empfehlenswert, einen fr\u00fcheren Pr\u00fcfungstermin zu nutzen und so den Platz zu sichern bzw. im Falle eines schwachen Testergebnisses eine zweite Chance zu bekommen. Selbstverst\u00e4ndlich erhalten Sie von uns Material zur Pr\u00fcfungsvorbereitung und wertvolle Tipps! Bitte setzen Sie sich bei Interesse fr\u00fchzeitig mit uns in Verbindung, um die Anmeldefrist nicht zu vers\u00e4umen! \t\t\t\t\t\t\t\t<\/div>\n\t\t\t\t<\/div>\n\t\t\t\t<\/div>\n\t\t\t\t\t<\/div>\n\t\t\t\t<\/div>\n\t\t<div class=\"elementor-element elementor-element-a51a9a0 e-flex e-con-boxed e-con e-parent\" data-id=\"a51a9a0\" data-element_type=\"container\" data-e-type=\"container\">\n\t\t\t\t\t<div class=\"e-con-inner\">\n\t\t\t\t<div class=\"elementor-element elementor-element-32408fb elementor-widget elementor-widget-spacer\" data-id=\"32408fb\" data-element_type=\"widget\" data-e-type=\"widget\" data-widget_type=\"spacer.default\">\n\t\t\t\t\t\t\t<div class=\"elementor-spacer\">\n\t\t\t<div class=\"elementor-spacer-inner\"><\/div>\n\t\t<\/div>\n\t\t\t\t\t\t<\/div>\n\t\t\t\t\t<\/div>\n\t\t\t\t<\/div>\n\t\t<div class=\"elementor-element elementor-element-68a6199 e-flex e-con-boxed e-con e-parent\" data-id=\"68a6199\" data-element_type=\"container\" data-e-type=\"container\">\n\t\t\t\t\t<div class=\"e-con-inner\">\n\t\t<div class=\"elementor-element elementor-element-226959c e-con-full e-flex e-con e-child\" data-id=\"226959c\" data-element_type=\"container\" data-e-type=\"container\">\n\t\t\t\t<div class=\"elementor-element elementor-element-f820347 elementor-widget elementor-widget-heading\" data-id=\"f820347\" data-element_type=\"widget\" data-e-type=\"widget\" data-widget_type=\"heading.default\">\n\t\t\t\t\t<h2 class=\"elementor-heading-title elementor-size-default\">Studienorte f\u00fcr Humanmedizin in Bulgarien<\/h2>\t\t\t\t<\/div>\n\t\t\t\t<div class=\"elementor-element elementor-element-69bf8eb elementor-widget elementor-widget-text-editor\" data-id=\"69bf8eb\" data-element_type=\"widget\" data-e-type=\"widget\" data-widget_type=\"text-editor.default\">\n\t\t\t\t\t\t\t\t\tWir arbeiten als Agentur aktuell mit vier staatlichen Hochschulen zusammen und begleiten vor, w\u00e4hrend und nach dem Studium:\t\t\t\t\t\t\t\t<\/div>\n\t\t\t\t<div class=\"elementor-element elementor-element-70dadd1 elementor-widget elementor-widget-text-editor\" data-id=\"70dadd1\" data-element_type=\"widget\" data-e-type=\"widget\" data-widget_type=\"text-editor.default\">\n\t\t\t\t\t\t\t\t\t<ul>\n \t<li>Medizinische Universit\u00e4t Plovdiv (Studienbeginn jeweils zum Wintersemester)<\/li>\n \t<li>Medizinische Universit\u00e4t Sofia (Studienbeginn jeweils zum Wintersemester)<\/li>\n \t<li>Medizinische Universit\u00e4t Varna (Studienbeginn jeweils zum Wintersemester)<\/li>\n \t<li>Medizinische Universit\u00e4t Pleven (Studienbeginn jeweils zum Sommersemester)<\/li>\n \t<\/ul>\n<div id=\"A6629F3E_026A_59BE_6750_E741035C9E6E\"><\/div>\n<div id=\"A6629F3E_026A_59BE_6750_E741035C9E6E\"><\/div>\t\t\t\t\t\t\t\t<\/div>\n\t\t\t\t<div class=\"elementor-element elementor-element-d4c7aad elementor-widget elementor-widget-text-editor\" data-id=\"d4c7aad\" data-element_type=\"widget\" data-e-type=\"widget\" data-widget_type=\"text-editor.default\">\n\t\t\t\t\t\t\t\t\tAlle Studieng\u00e4nge in Englisch, ein Medizinstudium in deutscher Sprache wird in Bulgarien nicht angeboten.\t\t\t\t\t\t\t\t<\/div>\n\t\t\t\t<\/div>\n\t\t<div class=\"elementor-element elementor-element-afbb72b e-con-full e-flex e-con e-child\" data-id=\"afbb72b\" data-element_type=\"container\" data-e-type=\"container\">\n\t\t\t\t<\/div>\n\t\t\t\t\t<\/div>\n\t\t\t\t<\/div>\n\t\t\t\t<\/div>\n\t\t","protected":false},"excerpt":{"rendered":"<p>Wo kann man in Bulgarien Medizin auf Englisch studieren? Karte: Staatliche und private medizinische Universit\u00e4ten in Bulgarien mit medizinischen Studienangeboten in ausschlie\u00dflich englischer Sprache Wo Medizin studieren in Bulgarien? Derzeit gibt es in Bulgarien an vier verschiedenen Hochschulen die M\u00f6glichkeit, ein Medizinstudium in englischer Sprache aufzunehmen. Hierbei handelt es sich um die Medizinischen Universit\u00e4ten in [&hellip;]<\/p>\n","protected":false},"author":1,"featured_media":0,"parent":0,"menu_order":0,"comment_status":"closed","ping_status":"closed","template":"elementor_header_footer","meta":{"footnotes":""},"class_list":["post-326","page","type-page","status-publish","hentry"],"_links":{"self":[{"href":"https:\/\/haadiproject.site\/project18\/wp-json\/wp\/v2\/pages\/326","targetHints":{"allow":["GET"]}}],"collection":[{"href":"https:\/\/haadiproject.site\/project18\/wp-json\/wp\/v2\/pages"}],"about":[{"href":"https:\/\/haadiproject.site\/project18\/wp-json\/wp\/v2\/types\/page"}],"author":[{"embeddable":true,"href":"https:\/\/haadiproject.site\/project18\/wp-json\/wp\/v2\/users\/1"}],"replies":[{"embeddable":true,"href":"https:\/\/haadiproject.site\/project18\/wp-json\/wp\/v2\/comments?post=326"}],"version-history":[{"count":13,"href":"https:\/\/haadiproject.site\/project18\/wp-json\/wp\/v2\/pages\/326\/revisions"}],"predecessor-version":[{"id":341,"href":"https:\/\/haadiproject.site\/project18\/wp-json\/wp\/v2\/pages\/326\/revisions\/341"}],"wp:attachment":[{"href":"https:\/\/haadiproject.site\/project18\/wp-json\/wp\/v2\/media?parent=326"}],"curies":[{"name":"wp","href":"https:\/\/api.w.org\/{rel}","templated":true}]}}