{"id":289,"date":"2026-04-15T11:38:44","date_gmt":"2026-04-15T11:38:44","guid":{"rendered":"https:\/\/haadiproject.site\/project18\/?page_id=289"},"modified":"2026-04-15T11:45:10","modified_gmt":"2026-04-15T11:45:10","slug":"allgemeine-informationen","status":"publish","type":"page","link":"https:\/\/haadiproject.site\/project18\/allgemeine-informationen\/","title":{"rendered":"Allgemeine Informationen"},"content":{"rendered":"\t\t<div data-elementor-type=\"wp-page\" data-elementor-id=\"289\" class=\"elementor elementor-289\" data-elementor-post-type=\"page\">\n\t\t\t\t<div class=\"elementor-element elementor-element-0b5eca2 e-flex e-con-boxed e-con e-parent\" data-id=\"0b5eca2\" data-element_type=\"container\" data-e-type=\"container\">\n\t\t\t\t\t<div class=\"e-con-inner\">\n\t\t\t\t<div class=\"elementor-element elementor-element-0beab33 elementor-widget elementor-widget-spacer\" data-id=\"0beab33\" data-element_type=\"widget\" data-e-type=\"widget\" data-widget_type=\"spacer.default\">\n\t\t\t\t\t\t\t<div class=\"elementor-spacer\">\n\t\t\t<div class=\"elementor-spacer-inner\"><\/div>\n\t\t<\/div>\n\t\t\t\t\t\t<\/div>\n\t\t\t\t\t<\/div>\n\t\t\t\t<\/div>\n\t\t<div class=\"elementor-element elementor-element-725ef54 e-flex e-con-boxed e-con e-parent\" data-id=\"725ef54\" data-element_type=\"container\" data-e-type=\"container\">\n\t\t\t\t\t<div class=\"e-con-inner\">\n\t\t<div class=\"elementor-element elementor-element-28fcf8a e-con-full e-flex e-con e-child\" data-id=\"28fcf8a\" data-element_type=\"container\" data-e-type=\"container\">\n\t\t\t\t<div class=\"elementor-element elementor-element-69c306e elementor-widget elementor-widget-heading\" data-id=\"69c306e\" data-element_type=\"widget\" data-e-type=\"widget\" data-widget_type=\"heading.default\">\n\t\t\t\t\t<h2 class=\"elementor-heading-title elementor-size-default\">\u00dcberblick<\/h2>\t\t\t\t<\/div>\n\t\t<div class=\"elementor-element elementor-element-bf5a402 e-con-full e-flex e-con e-child\" data-id=\"bf5a402\" data-element_type=\"container\" data-e-type=\"container\" data-settings=\"{&quot;background_background&quot;:&quot;classic&quot;}\">\n\t\t\t\t<div class=\"elementor-element elementor-element-998a9cd elementor-icon-list--layout-traditional elementor-list-item-link-full_width elementor-widget elementor-widget-icon-list\" data-id=\"998a9cd\" data-element_type=\"widget\" data-e-type=\"widget\" data-widget_type=\"icon-list.default\">\n\t\t\t\t\t\t\t<ul class=\"elementor-icon-list-items\">\n\t\t\t\t\t\t\t<li class=\"elementor-icon-list-item\">\n\t\t\t\t\t\t\t\t\t\t<span class=\"elementor-icon-list-text\">Wo kann man Medizin studieren in Bulgarien?<\/span>\n\t\t\t\t\t\t\t\t\t<\/li>\n\t\t\t\t\t\t\t\t<li class=\"elementor-icon-list-item\">\n\t\t\t\t\t\t\t\t\t\t<span class=\"elementor-icon-list-text\">Wo man in Deutschland Medizin studieren kann<\/span>\n\t\t\t\t\t\t\t\t\t<\/li>\n\t\t\t\t\t\t<\/ul>\n\t\t\t\t\t\t<\/div>\n\t\t\t\t<\/div>\n\t\t\t\t<\/div>\n\t\t<div class=\"elementor-element elementor-element-8a33ac4 e-con-full e-flex e-con e-child\" data-id=\"8a33ac4\" data-element_type=\"container\" data-e-type=\"container\">\n\t\t\t\t<div class=\"elementor-element elementor-element-8afaeb4 elementor-widget elementor-widget-heading\" data-id=\"8afaeb4\" data-element_type=\"widget\" data-e-type=\"widget\" data-widget_type=\"heading.default\">\n\t\t\t\t\t<h2 class=\"elementor-heading-title elementor-size-default\">Welche Infos sich auf unserer Seite so verstecken\u2026<\/h2>\t\t\t\t<\/div>\n\t\t\t\t<div class=\"elementor-element elementor-element-ce858c9 elementor-widget elementor-widget-text-editor\" data-id=\"ce858c9\" data-element_type=\"widget\" data-e-type=\"widget\" data-widget_type=\"text-editor.default\">\n\t\t\t\t\t\t\t\t\tSie sind auf unserer Website gelandet, weil Sie sich gerade in irgendeiner Form mit dem Thema Medizinstudium auseinandersetzen. Ein weites Feld \u2026 Am linken Bildschirmrand haben wir die \u2013 oft etwas versteckten \u2013 Inhalte unserer Website systematisch aufgelistet. Wer Flie\u00dftext bevorzugt, kann gerne weiterlesen\u2026 Es gibt alleine schon eine sehr gro\u00dfe Auswahl an Universit\u00e4ten, an denen man in Deutschland Medizin studieren kann. Wenn man dann noch weitere europ\u00e4ische L\u00e4nder dazunimmt, ergibt sich eine Vielzahl an potenziellen Studienorten. Wir konzentrieren uns auf die Beantwortung der Fragen aller jener, die wissen m\u00f6chten, wo man in Bulgarien Medizin studieren kann und wie das Studium im S\u00fcdosten Europas abl\u00e4uft \u2013 und bewegen uns hierbei aus der Sicht eines deutschen Studienplatzbewerbers, der bei der Studienplatzvergabe f\u00fcr das Medizinstudium in Deutschland keine Chancen hat oder aus sonstigen Gr\u00fcnden an der M\u00f6glichkeit eines Studiums in Bulgarien interessiert ist, etwa da er das Studium in Deutschland nicht mehr fortf\u00fchren kann.  \t\t\t\t\t\t\t\t<\/div>\n\t\t\t\t<div class=\"elementor-element elementor-element-4900bcb elementor-widget elementor-widget-heading\" data-id=\"4900bcb\" data-element_type=\"widget\" data-e-type=\"widget\" data-widget_type=\"heading.default\">\n\t\t\t\t\t<h2 class=\"elementor-heading-title elementor-size-default\">Wir haben da Ideen f\u00fcr die Finanzierung\u2026<\/h2>\t\t\t\t<\/div>\n\t\t\t\t<div class=\"elementor-element elementor-element-9528164 elementor-widget elementor-widget-text-editor\" data-id=\"9528164\" data-element_type=\"widget\" data-e-type=\"widget\" data-widget_type=\"text-editor.default\">\n\t\t\t\t\t\t\t\t\tAuch wenn unsere Inhalte zum Thema Zahnmedizin im Ausland etwas weniger detailliert sind, l\u00e4sst sich vieles \u00fcbertragen. So ist in beiden Bereichen die M\u00f6glichkeit des Auslands-BAf\u00f6G gegeben. \u00dcbrigens gibt es immer mehr Kliniken aus Deutschland, die das Medizinstudium, zumindest die Endphase, finanziell unterst\u00fctzen \u2013 und so ihren \u00c4rztenachwuchs sicherstellen.\t\t\t\t\t\t\t\t<\/div>\n\t\t\t\t<div class=\"elementor-element elementor-element-79e7eab elementor-widget elementor-widget-heading\" data-id=\"79e7eab\" data-element_type=\"widget\" data-e-type=\"widget\" data-widget_type=\"heading.default\">\n\t\t\t\t\t<h2 class=\"elementor-heading-title elementor-size-default\">Der Weg zum Studienplatz<\/h2>\t\t\t\t<\/div>\n\t\t\t\t<div class=\"elementor-element elementor-element-77c9bce elementor-widget elementor-widget-text-editor\" data-id=\"77c9bce\" data-element_type=\"widget\" data-e-type=\"widget\" data-widget_type=\"text-editor.default\">\n\t\t\t\t\t\t\t\t\t<p>Die Auswahlverfahren und Auswahlkriterien f\u00fcr h\u00f6here Fachsemester in Humanmedizin und Zahnmedizin bei einem Wechsel an eine deutsche Uni (ein Weg, den viele deutsche Bulgarienstudenten einschlagen m\u00f6chten) sind mehr oder weniger identisch.<\/p>\t\t\t\t\t\t\t\t<\/div>\n\t\t\t\t<div class=\"elementor-element elementor-element-b68786b elementor-widget elementor-widget-text-editor\" data-id=\"b68786b\" data-element_type=\"widget\" data-e-type=\"widget\" data-widget_type=\"text-editor.default\">\n\t\t\t\t\t\t\t\t\tWer ein Medizinstudium aufnehmen will, muss oft dazu erst einmal einen Aufnahmetest bestehen, der zusammen mit weiteren Kriterien wie der Abinote und weiteren Schulnoten in der Oberstufe dar\u00fcber entscheidet, ob man mit seiner Bewerbung Erfolg hat \u2013 oder nicht. Dazu finden Sie wertvolle Informationen in unserem HAM-Nat-Artikel, der die Situation dieses Tests an zahlreichen deutschen Universit\u00e4ten darstellt. F\u00fcr alle, die an einem Studium im Nachbarland \u00d6sterreich interessiert sind, ist diese Seite hier zu empfehlen, auf der wir den Zugang erkl\u00e4ren: MedAT-Test in \u00d6sterreich.\t\t\t\t\t\t\t\t<\/div>\n\t\t\t\t<div class=\"elementor-element elementor-element-604ba2e elementor-widget elementor-widget-text-editor\" data-id=\"604ba2e\" data-element_type=\"widget\" data-e-type=\"widget\" data-widget_type=\"text-editor.default\">\n\t\t\t\t\t\t\t\t\tVorteil der Alpenrepublik: \u00d6rtliche N\u00e4he zu Deutschland, keine Sprachbarriere und auch keine Studiengeb\u00fchren \u2013 jedoch ist es auch an den \u00f6sterreichischen Universit\u00e4ten schwierig, einen Studienplatz zu ergattern. Den Aufbau des Medizinstudiums in \u00d6sterreich habe wir in einer eigenen Infografik illustriert, er ist sehr gut mit dem deutschen Curriculum vergleichbar. \t\t\t\t\t\t\t\t<\/div>\n\t\t\t\t<div class=\"elementor-element elementor-element-293f2e7 elementor-widget elementor-widget-heading\" data-id=\"293f2e7\" data-element_type=\"widget\" data-e-type=\"widget\" data-widget_type=\"heading.default\">\n\t\t\t\t\t<h2 class=\"elementor-heading-title elementor-size-default\">Sonstige Zugangsm\u00f6glichkeiten zum Medizinstudium<\/h2>\t\t\t\t<\/div>\n\t\t\t\t<div class=\"elementor-element elementor-element-7b9902a elementor-widget elementor-widget-text-editor\" data-id=\"7b9902a\" data-element_type=\"widget\" data-e-type=\"widget\" data-widget_type=\"text-editor.default\">\n\t\t\t\t\t\t\t\t\tDie Vor- und Nachteile eines Medizinstudiums bei der Bundeswehr sollte man sich ebenfalls einmal durchlesen \u2013 wenn diese Option grunds\u00e4tzlich infrage komme. Der Weg einer Studienplatzklage ist ein Spezialthema, auf das wir der Vollst\u00e4ndigkeit halber kurz eingehen, das aber sehr komplex ist \u2013 hier ist immer der Einzelfall zu ber\u00fccksichtigen, und wir k\u00f6nnen selbstverst\u00e4ndlich keine anwaltliche Beratung ersetzen. Immer wieder auftauchende Fragen haben wir in unseren FAQs zum Medizinstudium in Bulgarien beantwortet! \t\t\t\t\t\t\t\t<\/div>\n\t\t\t\t<div class=\"elementor-element elementor-element-75beb66 elementor-widget elementor-widget-text-editor\" data-id=\"75beb66\" data-element_type=\"widget\" data-e-type=\"widget\" data-widget_type=\"text-editor.default\">\n\t\t\t\t\t\t\t\t\tFr\u00fcher bestand \u00fcbrigens auch die M\u00f6glichkeit, das Studium als sogenanntes Teilstudium der Medizin zu beginnen, hierf\u00fcr war f\u00fcr jedes Semester ein bestimmtes Kontingent an Studienpl\u00e4tzen reserviert \u2013 aber auch f\u00fcr diese Option galten die harten deutschen Aufnahmekriterien, es war also kein \u201eTrick\u201c zum ersehnten Medizinstudienplatz in Deutschland. Zudem war in der Regel nur ein Studium bis zum Physikum m\u00f6glich, danach musste man sich erneut auf einen Studienplatz bewerben \u2013 ohne jegliche Erfolgsgarantie, weshalb manche diesen Zugang f\u00fcr \u00fcberfl\u00fcssig hielten und er dann letzendlich auch abgeschafft wurde. Das Angebot an Vorbereitungskurse und Vorsemestern in Medizin ist gro\u00df und kann die Chance zum ersehnten Studienplatz verbessern. Und wer bei all der Medizin auch einmal lachen m\u00f6chte, der ist hier richtig: Witze f\u00fcr \u00c4rzte und Medizinstudis! \t\t\t\t\t\t\t\t<\/div>\n\t\t\t\t<div class=\"elementor-element elementor-element-c01976b elementor-widget elementor-widget-heading\" data-id=\"c01976b\" data-element_type=\"widget\" data-e-type=\"widget\" data-widget_type=\"heading.default\">\n\t\t\t\t\t<h2 class=\"elementor-heading-title elementor-size-default\">Gescheitert? Nicht mit uns!<\/h2>\t\t\t\t<\/div>\n\t\t\t\t<div class=\"elementor-element elementor-element-72accf3 elementor-widget elementor-widget-text-editor\" data-id=\"72accf3\" data-element_type=\"widget\" data-e-type=\"widget\" data-widget_type=\"text-editor.default\">\n\t\t\t\t\t\t\t\t\tAuch wir k\u00f6nnen nicht jeden Studenten zum gew\u00fcnschten Abschluss f\u00fchren, aber doch dem ein oder anderen helfen, der sich gerade in einer verzweifelten Situation befindet. Die drohende Exmatrikulation ist so ein Beispiel. Wenn ein zweiter Fehlversuch vorliegt ist ein Wechsel bereits sinnvoll, sp\u00e4testens dann, wenn keine Pr\u00fcfm\u00f6glichkeit mehr besteht, ist der Weg ins Ausland meist der einzige gangbare. Bulgarische Universit\u00e4ten sind hier besonders geeignet \u2013 warum, das erkl\u00e4ren wir Ihnen gerne in einem unverbindlichen Gespr\u00e4ch. \t\t\t\t\t\t\t\t<\/div>\n\t\t\t\t<div class=\"elementor-element elementor-element-2a1f03b elementor-widget elementor-widget-text-editor\" data-id=\"2a1f03b\" data-element_type=\"widget\" data-e-type=\"widget\" data-widget_type=\"text-editor.default\">\n\t\t\t\t\t\t\t\t\tSollten Sie die von uns angebotenen Dienstleistungen und das Profil einer unserer bulgarischen Partneruniversit\u00e4ten interessieren, so freuen wir uns \u00fcber Ihre Anfrage! Gerne gehen wir auf Ihren konkreten Fall in einem kostenlosen und unverbindlichen Erstgespr\u00e4ch ein \u2013 auch wenn Bulgarien f\u00fcr Sie (noch) kein Thema ist. In jedem Fall ist es hilfreich, wenn Sie uns vorab umfangreiche Unterlagen zukommen lassen, damit wir uns auf ein f\u00fcr beide Seiten produktives Telefonat vorbereiten k\u00f6nnen. \t\t\t\t\t\t\t\t<\/div>\n\t\t\t\t<\/div>\n\t\t\t\t\t<\/div>\n\t\t\t\t<\/div>\n\t\t\t\t<\/div>\n\t\t","protected":false},"excerpt":{"rendered":"<p>\u00dcberblick Wo kann man Medizin studieren in Bulgarien? Wo man in Deutschland Medizin studieren kann Welche Infos sich auf unserer Seite so verstecken\u2026 Sie sind auf unserer Website gelandet, weil Sie sich gerade in irgendeiner Form mit dem Thema Medizinstudium auseinandersetzen. Ein weites Feld \u2026 Am linken Bildschirmrand haben wir die \u2013 oft etwas versteckten [&hellip;]<\/p>\n","protected":false},"author":1,"featured_media":0,"parent":0,"menu_order":0,"comment_status":"closed","ping_status":"closed","template":"elementor_header_footer","meta":{"footnotes":""},"class_list":["post-289","page","type-page","status-publish","hentry"],"_links":{"self":[{"href":"https:\/\/haadiproject.site\/project18\/wp-json\/wp\/v2\/pages\/289","targetHints":{"allow":["GET"]}}],"collection":[{"href":"https:\/\/haadiproject.site\/project18\/wp-json\/wp\/v2\/pages"}],"about":[{"href":"https:\/\/haadiproject.site\/project18\/wp-json\/wp\/v2\/types\/page"}],"author":[{"embeddable":true,"href":"https:\/\/haadiproject.site\/project18\/wp-json\/wp\/v2\/users\/1"}],"replies":[{"embeddable":true,"href":"https:\/\/haadiproject.site\/project18\/wp-json\/wp\/v2\/comments?post=289"}],"version-history":[{"count":13,"href":"https:\/\/haadiproject.site\/project18\/wp-json\/wp\/v2\/pages\/289\/revisions"}],"predecessor-version":[{"id":302,"href":"https:\/\/haadiproject.site\/project18\/wp-json\/wp\/v2\/pages\/289\/revisions\/302"}],"wp:attachment":[{"href":"https:\/\/haadiproject.site\/project18\/wp-json\/wp\/v2\/media?parent=289"}],"curies":[{"name":"wp","href":"https:\/\/api.w.org\/{rel}","templated":true}]}}